{"id":870,"date":"2024-04-29T13:58:57","date_gmt":"2024-04-29T11:58:57","guid":{"rendered":"https:\/\/esg.santander.pl\/2023\/?page_id=870"},"modified":"2024-05-27T14:02:21","modified_gmt":"2024-05-27T12:02:21","slug":"zasady-wynagradzania-zarzadzajacych","status":"publish","type":"page","link":"https:\/\/esg.santander.pl\/2023\/lad-korporacyjny-governance\/struktura-zarzadcza\/zasady-wynagradzania-zarzadzajacych\/","title":{"rendered":"Zasady wynagradzania zarz\u0105dzaj\u0105cych"},"content":{"rendered":"","protected":false},"excerpt":{"rendered":"","protected":false},"author":11,"featured_media":0,"parent":866,"menu_order":0,"comment_status":"closed","ping_status":"closed","template":"","meta":{"_acf_changed":false,"footnotes":""},"dictionary":[],"class_list":["post-870","page","type-page","status-publish","hentry"],"acf":[],"yoast_head":"<!-- This site is optimized with the Yoast SEO plugin v26.7 - https:\/\/yoast.com\/wordpress\/plugins\/seo\/ -->\n<title>Zasady wynagradzania zarz\u0105dzaj\u0105cych - Raport ESG Santander 2023<\/title>\n<meta name=\"robots\" content=\"index, follow, max-snippet:-1, max-image-preview:large, max-video-preview:-1\" \/>\n<link rel=\"canonical\" href=\"https:\/\/esg.santander.pl\/2023\/lad-korporacyjny-governance\/struktura-zarzadcza\/zasady-wynagradzania-zarzadzajacych\/\" \/>\n<meta property=\"og:locale\" content=\"pl_PL\" \/>\n<meta property=\"og:type\" content=\"article\" \/>\n<meta property=\"og:title\" content=\"Zasady wynagradzania zarz\u0105dzaj\u0105cych - Raport ESG Santander 2023\" \/>\n<meta property=\"og:url\" content=\"https:\/\/esg.santander.pl\/2023\/lad-korporacyjny-governance\/struktura-zarzadcza\/zasady-wynagradzania-zarzadzajacych\/\" \/>\n<meta property=\"og:site_name\" content=\"Raport ESG Santander 2023\" \/>\n<meta property=\"article:modified_time\" content=\"2024-05-27T12:02:21+00:00\" \/>\n<meta property=\"og:image\" content=\"https:\/\/esg.santander.pl\/2023\/wp-content\/uploads\/sites\/17\/2024\/05\/SantandermockupEN1200x675.jpg\" \/>\n\t<meta property=\"og:image:width\" content=\"1200\" \/>\n\t<meta property=\"og:image:height\" content=\"675\" \/>\n\t<meta property=\"og:image:type\" content=\"image\/jpeg\" \/>\n<meta name=\"twitter:card\" content=\"summary_large_image\" \/>\n<script type=\"application\/ld+json\" class=\"yoast-schema-graph\">{\"@context\":\"https:\/\/schema.org\",\"@graph\":[{\"@type\":\"WebPage\",\"@id\":\"https:\/\/esg.santander.pl\/2023\/lad-korporacyjny-governance\/struktura-zarzadcza\/zasady-wynagradzania-zarzadzajacych\/\",\"url\":\"https:\/\/esg.santander.pl\/2023\/lad-korporacyjny-governance\/struktura-zarzadcza\/zasady-wynagradzania-zarzadzajacych\/\",\"name\":\"Zasady wynagradzania zarz\u0105dzaj\u0105cych - Raport ESG Santander 2023\",\"isPartOf\":{\"@id\":\"https:\/\/esg.santander.pl\/2023\/#website\"},\"datePublished\":\"2024-04-29T11:58:57+00:00\",\"dateModified\":\"2024-05-27T12:02:21+00:00\",\"breadcrumb\":{\"@id\":\"https:\/\/esg.santander.pl\/2023\/lad-korporacyjny-governance\/struktura-zarzadcza\/zasady-wynagradzania-zarzadzajacych\/#breadcrumb\"},\"inLanguage\":\"pl-PL\",\"potentialAction\":[{\"@type\":\"ReadAction\",\"target\":[\"https:\/\/esg.santander.pl\/2023\/lad-korporacyjny-governance\/struktura-zarzadcza\/zasady-wynagradzania-zarzadzajacych\/\"]}]},{\"@type\":\"BreadcrumbList\",\"@id\":\"https:\/\/esg.santander.pl\/2023\/lad-korporacyjny-governance\/struktura-zarzadcza\/zasady-wynagradzania-zarzadzajacych\/#breadcrumb\",\"itemListElement\":[{\"@type\":\"ListItem\",\"position\":1,\"name\":\"Strona g\u0142\u00f3wna\",\"item\":\"https:\/\/esg.santander.pl\/2023\/\"},{\"@type\":\"ListItem\",\"position\":2,\"name\":\"\u0141ad Korporacyjny &#8211; Governance\",\"item\":\"https:\/\/esg.santander.pl\/2023\/lad-korporacyjny-governance\/\"},{\"@type\":\"ListItem\",\"position\":3,\"name\":\"Struktura zarz\u0105dcza\",\"item\":\"https:\/\/esg.santander.pl\/2023\/lad-korporacyjny-governance\/struktura-zarzadcza\/\"},{\"@type\":\"ListItem\",\"position\":4,\"name\":\"Zasady wynagradzania zarz\u0105dzaj\u0105cych\"}]},{\"@type\":\"WebSite\",\"@id\":\"https:\/\/esg.santander.pl\/2023\/#website\",\"url\":\"https:\/\/esg.santander.pl\/2023\/\",\"name\":\"Raport ESG Santander 2023\",\"description\":\"Realizacja naszej strategii ESG jest i b\u0119dzie dla nas priorytetem zar\u00f3wno w codziennej pracy, jak i w planowaniu d\u0142ugoterminowym.\",\"potentialAction\":[{\"@type\":\"SearchAction\",\"target\":{\"@type\":\"EntryPoint\",\"urlTemplate\":\"https:\/\/esg.santander.pl\/2023\/?s={search_term_string}\"},\"query-input\":{\"@type\":\"PropertyValueSpecification\",\"valueRequired\":true,\"valueName\":\"search_term_string\"}}],\"inLanguage\":\"pl-PL\"}]}<\/script>\n<!-- \/ Yoast SEO plugin. -->","yoast_head_json":{"title":"Zasady wynagradzania zarz\u0105dzaj\u0105cych - Raport ESG Santander 2023","robots":{"index":"index","follow":"follow","max-snippet":"max-snippet:-1","max-image-preview":"max-image-preview:large","max-video-preview":"max-video-preview:-1"},"canonical":"https:\/\/esg.santander.pl\/2023\/lad-korporacyjny-governance\/struktura-zarzadcza\/zasady-wynagradzania-zarzadzajacych\/","og_locale":"pl_PL","og_type":"article","og_title":"Zasady wynagradzania zarz\u0105dzaj\u0105cych - Raport ESG Santander 2023","og_url":"https:\/\/esg.santander.pl\/2023\/lad-korporacyjny-governance\/struktura-zarzadcza\/zasady-wynagradzania-zarzadzajacych\/","og_site_name":"Raport ESG Santander 2023","article_modified_time":"2024-05-27T12:02:21+00:00","og_image":[{"width":1200,"height":675,"url":"https:\/\/esg.santander.pl\/2023\/wp-content\/uploads\/sites\/17\/2024\/05\/SantandermockupEN1200x675.jpg","type":"image\/jpeg"}],"twitter_card":"summary_large_image","schema":{"@context":"https:\/\/schema.org","@graph":[{"@type":"WebPage","@id":"https:\/\/esg.santander.pl\/2023\/lad-korporacyjny-governance\/struktura-zarzadcza\/zasady-wynagradzania-zarzadzajacych\/","url":"https:\/\/esg.santander.pl\/2023\/lad-korporacyjny-governance\/struktura-zarzadcza\/zasady-wynagradzania-zarzadzajacych\/","name":"Zasady wynagradzania zarz\u0105dzaj\u0105cych - Raport ESG Santander 2023","isPartOf":{"@id":"https:\/\/esg.santander.pl\/2023\/#website"},"datePublished":"2024-04-29T11:58:57+00:00","dateModified":"2024-05-27T12:02:21+00:00","breadcrumb":{"@id":"https:\/\/esg.santander.pl\/2023\/lad-korporacyjny-governance\/struktura-zarzadcza\/zasady-wynagradzania-zarzadzajacych\/#breadcrumb"},"inLanguage":"pl-PL","potentialAction":[{"@type":"ReadAction","target":["https:\/\/esg.santander.pl\/2023\/lad-korporacyjny-governance\/struktura-zarzadcza\/zasady-wynagradzania-zarzadzajacych\/"]}]},{"@type":"BreadcrumbList","@id":"https:\/\/esg.santander.pl\/2023\/lad-korporacyjny-governance\/struktura-zarzadcza\/zasady-wynagradzania-zarzadzajacych\/#breadcrumb","itemListElement":[{"@type":"ListItem","position":1,"name":"Strona g\u0142\u00f3wna","item":"https:\/\/esg.santander.pl\/2023\/"},{"@type":"ListItem","position":2,"name":"\u0141ad Korporacyjny &#8211; Governance","item":"https:\/\/esg.santander.pl\/2023\/lad-korporacyjny-governance\/"},{"@type":"ListItem","position":3,"name":"Struktura zarz\u0105dcza","item":"https:\/\/esg.santander.pl\/2023\/lad-korporacyjny-governance\/struktura-zarzadcza\/"},{"@type":"ListItem","position":4,"name":"Zasady wynagradzania zarz\u0105dzaj\u0105cych"}]},{"@type":"WebSite","@id":"https:\/\/esg.santander.pl\/2023\/#website","url":"https:\/\/esg.santander.pl\/2023\/","name":"Raport ESG Santander 2023","description":"Realizacja naszej strategii ESG jest i b\u0119dzie dla nas priorytetem zar\u00f3wno w codziennej pracy, jak i w planowaniu d\u0142ugoterminowym.","potentialAction":[{"@type":"SearchAction","target":{"@type":"EntryPoint","urlTemplate":"https:\/\/esg.santander.pl\/2023\/?s={search_term_string}"},"query-input":{"@type":"PropertyValueSpecification","valueRequired":true,"valueName":"search_term_string"}}],"inLanguage":"pl-PL"}]}},"_links":{"self":[{"href":"https:\/\/esg.santander.pl\/2023\/wp-json\/wp\/v2\/pages\/870","targetHints":{"allow":["GET"]}}],"collection":[{"href":"https:\/\/esg.santander.pl\/2023\/wp-json\/wp\/v2\/pages"}],"about":[{"href":"https:\/\/esg.santander.pl\/2023\/wp-json\/wp\/v2\/types\/page"}],"author":[{"embeddable":true,"href":"https:\/\/esg.santander.pl\/2023\/wp-json\/wp\/v2\/users\/11"}],"replies":[{"embeddable":true,"href":"https:\/\/esg.santander.pl\/2023\/wp-json\/wp\/v2\/comments?post=870"}],"version-history":[{"count":10,"href":"https:\/\/esg.santander.pl\/2023\/wp-json\/wp\/v2\/pages\/870\/revisions"}],"predecessor-version":[{"id":2686,"href":"https:\/\/esg.santander.pl\/2023\/wp-json\/wp\/v2\/pages\/870\/revisions\/2686"}],"up":[{"embeddable":true,"href":"https:\/\/esg.santander.pl\/2023\/wp-json\/wp\/v2\/pages\/866"}],"wp:attachment":[{"href":"https:\/\/esg.santander.pl\/2023\/wp-json\/wp\/v2\/media?parent=870"}],"wp:term":[{"taxonomy":"dictionary","embeddable":true,"href":"https:\/\/esg.santander.pl\/2023\/wp-json\/wp\/v2\/dictionary?post=870"}],"curies":[{"name":"wp","href":"https:\/\/api.w.org\/{rel}","templated":true}]}}